se 7, what is 551422 + -113?
551306
In base 3, what is 1011220 - 212012?
22201
In base 5, what is -2 - 20034203?
-20034210
In base 3, what is 1002011021222 - -11?
1002011022010
In base 16, what is 5 + -2251e?
-22519
In base 6, what is 30 - -35300?
35330
In base 13, what is 276 + 373c?
39b5
In base 2, what is 100 - 100101111000010011?
-100101111000001111
In base 2, what is 1011101010000 + 0?
1011101010000
In base 16, what is 25c36f - 0?
25c36f
In base 12, what is -367 - -10?
-357
In base 2, what is -100111101 + 11001110011?
10100110110
In base 5, what is 21004 - -231?
21240
In base 7, what is 136 - -33?
202
In base 8, what is -11734 + -3?
-11737
In base 4, what is 31332023203 - -2?
31332023211
In base 9, what is -5 - 316600?
-316605
In base 7, what is -1455 - 1066?
-2554
In base 3, what is -1022211002220 - -12?
-1022211002201
In base 16, what is 206 - 58?
1ae
In base 13, what is -100 - 15a8?
-16a8
In base 7, what is 10223 + 6?
10232
In base 15, what is 28 + 5658?
5681
In base 2, what is -1 + -11111000110?
-11111000111
In base 12, what is 102b8 - b?
102a9
In base 16, what is 9 + b9e?
ba7
In base 14, what is -4d47 + 2?
-4d45
In base 13, what is 16 - -82c09?
82c22
In base 9, what is -7252 - -71?
-7171
In base 8, what is 14307 - -660?
15167
In base 7, what is 406304 + -40?
406234
In base 2, what is 11110110000 - 0?
11110110000
In base 12, what is 7 - 74a9?
-74a2
In base 9, what is -6227216 + 4?
-6227212
In base 8, what is 1 - 11116?
-11115
In base 8, what is 7 + -203551?
-203542
In base 12, what is -3 - -22524?
22521
In base 16, what is 205 + -25b?
-56
In base 8, what is 5 - -776640?
776645
In base 3, what is 210 - 122000202?
-121222222
In base 11, what is -110 + 215?
105
In base 6, what is -2 + -30435?
-30441
In base 13, what is -14953 - -1?
-14952
In base 7, what is -213102 - -6?
-213063
In base 9, what is 468 + -280?
178
In base 12, what is -94396 + 3?
-94393
In base 7, what is -4 - -461211?
461204
In base 13, what is 54 - -369b?
3722
In base 13, what is -20 + -73b?
-75b
In base 6, what is -513 + -3510?
-4423
In base 12, what is 11 + 32608?
32619
In base 12, what is 1aa92 + -20?
1aa72
In base 14, what is -4 + -554cb?
-554d1
In base 11, what is 9882 - 16?
9867
In base 12, what is -45444 - 27?
-4546b
In base 13, what is 24b - 230?
1b
In base 3, what is 112022200112 + 0?
112022200112
In base 3, what is -1 - -121000212?
121000211
In base 7, what is -1353 - -130?
-1223
In base 6, what is -552 + -11420?
-12412
In base 4, what is -3 + 131330?
131321
In base 16, what is b + 429d?
42a8
In base 8, what is 532225 + 6?
532233
In base 16, what is -5 + a04c7?
a04c2
In base 4, what is -22120 + -1321?
-30101
In base 3, what is 21000110001 + -12?
21000102212
In base 6, what is -3 - 30255544?
-30255551
In base 6, what is -34310 + 43?
-34223
In base 15, what is -ee743 - -3?
-ee740
In base 5, what is 41141 - 20?
41121
In base 10, what is 1149 - 1?
1148
In base 13, what is 2 - -4239?
423b
In base 9, what is -4 + 1347160?
1347155
In base 16, what is -3 - 851?
-854
In base 16, what is -12 + -b420?
-b432
In base 7, what is 6116 + -1243?
4543
In base 4, what is -3031 + -11011?
-20102
In base 12, what is 2 - 729b?
-7299
In base 13, what is 186 - -172?
328
In base 13, what is 258 - -294?
51c
In base 15, what is 6 + -25c2?
-25bb
In base 15, what is -55 - 75?
-ca
In base 14, what is 1a608 + -4?
1a604
In base 13, what is -18a2 + -134?
-1a06
In base 15, what is 2073 + 3?
2076
In base 15, what is 14eb - -1d?
1519
In base 13, what is 64 - 953?
-8bc
In base 10, what is 27 + -42960?
-42933
In base 9, what is -10366 - 0?
-10366
In base 4, what is -302 + 30210?
23302
In base 13, what is -3 - 11435c?
-114362
In base 3, what is 11002 + -2220210?
-2202201
In base 3, what is 1000220 - -122200?
1200120
In base 16, what is -4 - 3730?
-3734
In base 15, what is -2 + 1da953?
1da951
In base 8, what is 5 + -105550?
-105543
In base 16, what is 56 + -c4?
-6e
In base 6, what is -420124 - 12?
-420140
In base 2, what is -1 + 100011010101111?
100011010101110
In base 7, what is 4 + -3010304?
-3010300
In base 10, what is -33 + 19317?
19284
In base 3, what is 0 - -22112102?
22112102
In base 5, what is -1 - -4323004?
4323003
In base 16, what is 3 - -15de2?
15de5
In base 16, what is 63 + 1e6c?
1ecf
In base 3, what is 0 + 102201021111?
102201021111
In base 5, what is -13301 - 3003?
-21304
In base 11, what is 53 + 6763?
6806
In base 12, what is -96 - -b14?
a3a
In base 12, what is -1410 + -ba?
-150a
In base 2, what is -100111011111011011010 + -101?
-100111011111011011111
In base 12, what is 14ab - -69?
1558
In base 15, what is 2d - 247?
-219
In base 13, what is -179b5 + 2?
-179b3
In base 13, what is -224 - -1b?
-206
In base 4, what is -10210112 + 123?
-10203323
In base 13, what is -6993 - 3?
-6996
In base 11, what is -1 - 8198?
-8199
In base 10, what is 116400 + 1?
116401
In base 6, what is 1023 + 4232?
5255
In base 15, what is -cd + -d1?
-1ae
In base 7, what is -11065 - -10?
-11055
In base 16, what is 23686 - 2?
23684
In base 2, what is 11011 + -10001011110?
-10001000011
In base 16, what is -a3a - 3?
-a3d
In base 11, what is -104090 + -4?
-104094
In base 11, what is -2504 + 20a?
-22a5
In base 14, what is 15 + -10b9?
-10a4
In base 2, what is 1100010 - -11001110?
100110000
In base 11, what is 4 + a29a10?
a29a14
In base 7, what is 1563204 - 2?
1563202
In base 9, what is -27186 - -161?
-27025
In base 10, what is 0 + -40217?
-40217
In base 14, what is 1 - 81dda?
-81dd9
In base 4, what is -2011011 + 33?
-2010312
In base 2, what is -111 - -10100100011?
10100011100
In base 12, what is -1267069 + 5?
-1267064
In base 3, what is 10 - 112211212?
-112211202
In base 2, what is 101011110000 - -11?
101011110011
In base 5, what is -331 + -341204?
-342040
In base 2, what is -111010011 + -1011011011010?
-1100010101101
In base 5, what is 33014132 + 3?
33014140
In base 15, what is -b - -61d1?
61c5
In base 14, what is -92b3 + -d?
-92c2
In base 15, what is -61299 - -6?
-61293
In base 16, what is -247f + -2?
-2481
In base 9, what is 2433184 + 2?
2433186
In base 10, what is 167632 + 5?
167637
In base 4, what is 11222222 - 131?
11222031
In base 8, what is 35 + -32240?
-32203
In base 9, what is -6 - 100353?
-100360
In base 14, what is 3a3 - -2c?
3d1
In base 4, what is -1111022002 + 0?
-1111022002
In base 6, what is -34345 + -2540?
-41325
In base 5, what is -314 + -240242?
-241111
In base 5, what is 14244104 - 0?
14244104
In base 2, what is 1000110 + 111010110?
1000011100
In base 3, what is 112112 + -21000?
21112
In base 3, what is -201220 - -112?
-201101
In base 2, what is 1100001 + -10011101?
-111100
In base 16, what is 65 - -16a3?
1708
In base 13, what is -7 - -21b55?
21b4b
In base 10, what is 10154 - -13?
10167
In base 10, what is -5 + -245172?
-245177
In base 2, what is -101011110 + -1001?
-101100111
In base 13, what is -502 - -9?
-4c6
In base 13, what is 1 - -a702?
a703
In base 9, what is -2 - -170713?
170711
In base 13, what is 2 - -18?
1a
In base 10, what is 120501 - -4?
120505
In base 14, what is -1 + 32cdd?
32cdc
In base 10, what is 7 - 37254?
-37247
In base 6, what is 242411 - -2?
242413
In base 9, what is -242870 - 3?
-242873
In base 5, what is 103324113 - 0?
103324113
In base 12, what is 127588 - 6?
127582
In base 4, what is 10 - -120011311?
120011321
In base 13, what is -1 + 3848?
3847
In base 6, what is 5 - -112500?
112505
In base 13, what is 6b9c - 2?
6b9a
In base 2, what is 1110110010 - -1001?
1110111011
In base 10, what is 796 - -3161?
3957
In base 10, what is -5 + 8541?
8536
In base 16, what is 3b + -bca?
-b8f
In base 3, what is 2 + 1221202002?
1221202011
In base 6, what is 105251 - -10?
105301
In base 15, what is 22b0 + -7b?
2234
In base 7, what is -50 - 161350?
-161430
In base 9, what is 56137 + -5?
56132
In base 6, what is -22434523 - -2?
-22434521
In base 14, what is 88c + -40?
84c
In base 8, what is 7 + 715?
724
In base 5, what is -4 - 10323222?
-10323231
In base 10, what is 8 - 140593?
-140585
In base 11, what is 136 - -434?
56a
In base 12, what is 3706 + -30?
3696
In base 15, what is -7 + -6d1?
-6d8
In base 8, what is -746057 + -3?
-746062
In base 13, what is -1094 + 165?
-c2c
In base 14, what is -11 + 59d?
58c
In base 3, what is 112000010 + 122?
112000202
In base 11, what is -4 + 294055?
294051
In bas